igit of 440?
4
What is the tens digit of 5186?
8
What is the hundreds digit of 588?
5
What is the hundreds digit of 1001?
0
What is the hundreds digit of 7090?
0
What is the hundreds digit of 6228?
2
What is the thousands digit of 2940?
2
What is the hundreds digit of 827?
8
What is the thousands digit of 20217?
0
What is the thousands digit of 14693?
4
What is the units digit of 6310?
0
What is the thousands digit of 28307?
8
What is the tens digit of 436?
3
What is the tens digit of 749?
4
What is the thousands digit of 8431?
8
What is the units digit of 9387?
7
What is the thousands digit of 62138?
2
What is the tens digit of 136?
3
What is the hundreds digit of 3033?
0
What is the units digit of 11336?
6
What is the tens digit of 5042?
4
What is the thousands digit of 23037?
3
What is the tens digit of 2512?
1
What is the thousands digit of 1006?
1
What is the thousands digit of 13035?
3
What is the hundreds digit of 672?
6
What is the tens digit of 61218?
1
What is the thousands digit of 2651?
2
What is the tens digit of 3352?
5
What is the units digit of 33235?
5
What is the thousands digit of 46839?
6
What is the units digit of 197?
7
What is the units digit of 6471?
1
What is the tens digit of 509?
0
What is the hundreds digit of 1181?
1
What is the units digit of 5242?
2
What is the hundreds digit of 964?
9
What is the thousands digit of 1759?
1
What is the units digit of 746?
6
What is the ten thousands digit of 14425?
1
What is the tens digit of 1900?
0
What is the hundreds digit of 474?
4
What is the hundreds digit of 3184?
1
What is the hundreds digit of 445?
4
What is the units digit of 107519?
9
What is the tens digit of 84092?
9
What is the hundreds digit of 1005?
0
What is the hundreds digit of 385?
3
What is the thousands digit of 4754?
4
What is the thousands digit of 27496?
7
What is the thousands digit of 5141?
5
What is the tens digit of 568?
6
What is the units digit of 102?
2
What is the tens digit of 4083?
8
What is the thousands digit of 4736?
4
What is the units digit of 80576?
6
What is the tens digit of 5517?
1
What is the hundreds digit of 1885?
8
What is the units digit of 7062?
2
What is the units digit of 1277?
7
What is the hundreds digit of 4719?
7
What is the hundreds digit of 936?
9
What is the thousands digit of 6008?
6
What is the hundreds digit of 687?
6
What is the thousands digit of 6182?
6
What is the hundreds digit of 4371?
3
What is the tens digit of 1018?
1
What is the hundreds digit of 50344?
3
What is the thousands digit of 9378?
9
What is the tens digit of 5933?
3
What is the units digit of 12589?
9
What is the hundreds digit of 4311?
3
What is the hundreds digit of 3623?
6
What is the ten thousands digit of 63265?
6
What is the tens digit of 1668?
6
What is the hundreds digit of 23874?
8
What is the tens digit of 93747?
4
What is the hundreds digit of 6159?
1
What is the hundreds digit of 7926?
9
What is the hundreds digit of 49379?
3
What is the hundreds digit of 1238?
2
What is the units digit of 392?
2
What is the thousands digit of 9633?
9
What is the tens digit of 15160?
6
What is the thousands digit of 2270?
2
What is the hundreds digit of 11903?
9
What is the thousands digit of 34278?
4
What is the units digit of 14227?
7
What is the tens digit of 10858?
5
What is the units digit of 239?
9
What is the thousands digit of 41981?
1
What is the units digit of 14260?
0
What is the units digit of 23156?
6
What is the tens digit of 1799?
9
What is the tens digit of 3253?
5
What is the hundreds digit of 16120?
1
What is the thousands digit of 101086?
1
What is the thousands digit of 2110?
2
What is the hundreds digit of 10507?
5
What is the tens digit of 649?
4
What is the hundreds digit of 859?
8
What is the tens digit of 43581?
8
What is the units digit of 5839?
9
What is the thousands digit of 1212?
1
What is the units digit of 158?
8
What is the thousands digit of 12082?
2
What is the units digit of 1467?
7
What is the hundreds digit of 4944?
9
What is the units digit of 3404?
4
What is the tens digit of 722?
2
What is the units digit of 616?
6
What is the units digit of 1528?
8
What is the thousands digit of 133487?
3
What is the units digit of 33351?
1
What is the thousands digit of 113093?
3
What is the tens digit of 120?
2
What is the hundreds digit of 11645?
6
What is the tens digit of 92222?
2
What is the tens digit of 37724?
2
What is the hundreds digit of 58356?
3
What is the tens digit of 103?
0
What is the thousands digit of 3963?
3
What is the tens digit of 1878?
7
What is the tens digit of 733?
3
What is the hundreds digit of 402?
4
What is the tens digit of 1451?
5
What is the units digit of 902?
2
What is the thousands digit of 7918?
7
What is the units digit of 146?
6
What is the hundreds digit of 31850?
8
What is the tens digit of 824?
2
What is the tens digit of 381?
8
What is the hundred thousands digit of 136893?
1
What is the tens digit of 13069?
6
What is the hundreds digit of 1106?
1
What is the hundreds digit of 4991?
9
What is the tens digit of 4121?
2
What is the units digit of 62988?
8
What is the units digit of 449?
9
What is the hundreds digit of 3877?
8
What is the tens digit of 1522?
2
What is the thousands digit of 46482?
6
What is the ten thousands digit of 16141?
1
What is the tens digit of 27680?
8
What is the ten thousands digit of 63482?
6
What is the hundreds digit of 162826?
8
What is the hundreds digit of 797?
7
What is the tens digit of 14347?
4
What is the hundreds digit of 2625?
6
What is the hundreds digit of 1602?
6
What is the ten thousands digit of 16616?
1
What is the thousands digit of 2053?
2
What is the units digit of 15394?
4
What is the hundreds digit of 105?
1
What is the ten thousands digit of 38034?
3
What is the hundreds digit of 994?
9
What is the units digit of 4421?
1
What is the thousands digit of 7729?
7
What is the tens digit of 1157?
5
What is the hundreds digit of 16087?
0
What is the thousands digit of 1841?
1
What is the units digit of 784?
4
What is the units digit of 970?
0
What is the units digit of 2223?
3
What is the tens digit of 179?
7
What is the hundreds digit of 2814?
8
What is the units digit of 4485?
5
What is the units digit of 33182?
2
What is the thousands digit of 71919?
1
What is the units digit of 1982?
2
What is the units digit of 4879?
9
What is the units digit of 55782?
2
What is the units digit of 1183?
3
What is the thousands digit of 5780?
5
What is the hundreds digit of 3077?
0
What is the hundreds digit of 13522?
5
What is the tens digit of 5273?
7
What is the units digit of 9273?
3
What is the hundreds digit of 2003?
0
What is the thousands digit of 2346?
2
What is the units digit of 7961?
1
What is the units digit of 60017?
7
What is the tens digit of 247?
4
What is the hundreds digit of 23498?
4
What is the tens digit of 1024?
2
What is the units digit of 7811?
1
What is the tens digit of 8257?
5
What is the hundreds digit of 3569?
5
What is the tens digit of 1675?
7
What is the thousands digit of 1406?
1
What is the tens digit of 24509?
0
What is the ten thousands digit of 13179?
1
What is the hundreds digit of 1868?
8
What is the units digit of 114182?
2
What is the hundreds digit of 44465?
4
What is the ten thousands digit of 67052?
6
What is the thousands digit of 39872?
9
What is the tens digit of 48041?
4
What is the hundreds digit of 93116?
1
What is the units digit of 2610?
0
What is the thousands digit of 3034?
3
What is the hundreds digit of 2973?
9
What is the units digit of 2134?
4
What is the thousands digit of 18144?
8
What is the hundreds digit of 7066?
0
What is the tens digit of 8281?
8
What is the hundreds digit of 37721?
7
What is the thousands digit of 5216?
5
What is the thousands digit of 1515?
1
What is the tens digit of 3668?
6
What is the ten thousands digit of 53452?
5
What is the tens digit of 12?
1
What is the hundreds digit of 1094?
0
What is the hundreds digit of 723?
7
What is the hundreds digit of 15421?
4
What is the tens digit of 788?
8
What is the ten thousands digit of 72210?
7
What is the tens digit of 1040?
4
What is the tens digit of 1180?
8
What is the thousands digit of 3983?
3
What is the thousands digit of 2576?
2
What is the units digit of 456?
6
Wha